{"id":228,"date":"2020-03-02T12:18:29","date_gmt":"2020-03-02T11:18:29","guid":{"rendered":"http:\/\/thrace.be\/?page_id=228"},"modified":"2023-08-07T12:54:24","modified_gmt":"2023-08-07T10:54:24","slug":"index","status":"publish","type":"page","link":"https:\/\/thrace.be\/","title":{"rendered":"ASSOCIATION DES THRACES"},"content":{"rendered":"<div class=\"wp-block-image\">\n<figure class=\"aligncenter size-large is-resized\"><img loading=\"lazy\" decoding=\"async\" src=\"https:\/\/thrace.be\/wp-content\/uploads\/2023\/08\/WhatsApp-Image-2023-08-05-at-09.29.20-1-819x1024.jpeg\" alt=\"\" class=\"wp-image-564\" width=\"399\" height=\"499\" srcset=\"https:\/\/thrace.be\/wp-content\/uploads\/2023\/08\/WhatsApp-Image-2023-08-05-at-09.29.20-1-819x1024.jpeg 819w, https:\/\/thrace.be\/wp-content\/uploads\/2023\/08\/WhatsApp-Image-2023-08-05-at-09.29.20-1-240x300.jpeg 240w, https:\/\/thrace.be\/wp-content\/uploads\/2023\/08\/WhatsApp-Image-2023-08-05-at-09.29.20-1-768x960.jpeg 768w, https:\/\/thrace.be\/wp-content\/uploads\/2023\/08\/WhatsApp-Image-2023-08-05-at-09.29.20-1.jpeg 1080w\" sizes=\"auto, (max-width: 399px) 100vw, 399px\" \/><\/figure>\n<\/div>\n\n\n<p>La Thrace en Belgique et son association \u00e0 pour but <\/p>\n\n\n\n<li> la conservation des m\u0153urs et coutumes de la Thrace Grecque (compos\u00e9e de 3 districts : Rhodope, Xanthi, Evros). <\/li><li> L&rsquo;organisation de manifestations culturelles et sociales.<\/li><li> La d\u00e9fense des int\u00e9r\u00eats des personnes, vivant en Belgique, originaires de la Thrace Grecque. <\/li><li>l&rsquo;entraide et \u00e9change d\u2019id\u00e9es et d\u2019opinions socio-culturelles. <\/li><li> De promouvoir les relations avec la Gr\u00e8ce et en particulier avec la Thrace Grecque ainsi que l\u2019offre d\u2019aide \u00e0 celle-ci. <\/li><li>La collaboration avec des autorit\u00e9s grecques et d\u2019autres associations en vue de conserver l\u2019enseignement de la langue et de la culture grecque aux enfants grecs ou originaires de Gr\u00e8ce ou \u00e0 toute autre personne vivant en Belgique s\u2019int\u00e9ressant \u00e0 la langue et \u00e0 la culture grecque.<\/li><li>Le d\u00e9veloppement et am\u00e9lioration des relations entre les grecs vivant en Belgique, les personnes originaires de Gr\u00e8ce et la population belge. L\u2019association est totalement ind\u00e9pendante d\u2019autres organismes, associations et des partis politiques; elle peut cependant collaborer avec d\u2019autres associations qui poursuivent des buts semblables.<\/li><li>De Promouvoir tout l\u2019h\u00e9ritage culturel et tout le folklore des Thraces et de la Thrace Grecque par le biais de supports divers comme les m\u00e9dias classiques, les r\u00e9seaux sociaux, une banni\u00e8re ou tout autre symbole socio-culturel, et par l\u2019organisation d\u2019\u00e9v\u00e8nements divers comme les repr\u00e9sentations de danses, les soir\u00e9es, les concerts, les forums, etc.<\/li>\n\n\n\n<div class=\"wp-block-group alignwide\"><div class=\"wp-block-group__inner-container is-layout-flow wp-block-group-is-layout-flow\">\n<p><\/p>\n<\/div><\/div>\n\n\n\n<p>  <\/p>\n","protected":false},"excerpt":{"rendered":"<p>La Thrace en Belgique et son association \u00e0 pour but la conservation des m\u0153urs et coutumes de la Thrace Grecque (compos\u00e9e de 3 districts : Rhodope, Xanthi, Evros). L&rsquo;organisation de [&hellip;]<\/p>\n","protected":false},"author":1,"featured_media":0,"parent":0,"menu_order":0,"comment_status":"closed","ping_status":"closed","template":"","meta":{"_price":"","_stock":"","_tribe_ticket_header":"","_tribe_default_ticket_provider":"","_tribe_ticket_capacity":"0","_ticket_start_date":"","_ticket_end_date":"","_tribe_ticket_show_description":"","_tribe_ticket_show_not_going":false,"_tribe_ticket_use_global_stock":"","_tribe_ticket_global_stock_level":"","_global_stock_mode":"","_global_stock_cap":"","_tribe_rsvp_for_event":"","_tribe_ticket_going_count":"","_tribe_ticket_not_going_count":"","_tribe_tickets_list":[],"_tribe_ticket_has_attendee_info_fields":false,"footnotes":""},"class_list":["post-228","page","type-page","status-publish","hentry"],"ticketed":false,"_links":{"self":[{"href":"https:\/\/thrace.be\/index.php\/wp-json\/wp\/v2\/pages\/228","targetHints":{"allow":["GET"]}}],"collection":[{"href":"https:\/\/thrace.be\/index.php\/wp-json\/wp\/v2\/pages"}],"about":[{"href":"https:\/\/thrace.be\/index.php\/wp-json\/wp\/v2\/types\/page"}],"author":[{"embeddable":true,"href":"https:\/\/thrace.be\/index.php\/wp-json\/wp\/v2\/users\/1"}],"replies":[{"embeddable":true,"href":"https:\/\/thrace.be\/index.php\/wp-json\/wp\/v2\/comments?post=228"}],"version-history":[{"count":32,"href":"https:\/\/thrace.be\/index.php\/wp-json\/wp\/v2\/pages\/228\/revisions"}],"predecessor-version":[{"id":576,"href":"https:\/\/thrace.be\/index.php\/wp-json\/wp\/v2\/pages\/228\/revisions\/576"}],"wp:attachment":[{"href":"https:\/\/thrace.be\/index.php\/wp-json\/wp\/v2\/media?parent=228"}],"curies":[{"name":"wp","href":"https:\/\/api.w.org\/{rel}","templated":true}]}}